12020102?
2212012021
In base 3, what is 12000 + 1111111101?
1111200101
In base 12, what is 89025 + 4?
89029
In base 9, what is 4 + -3072771?
-3072766
In base 11, what is 2549a - 2?
25498
In base 9, what is 50381 + -5?
50375
In base 2, what is 100010111000 + -1010?
100010101110
In base 7, what is -3256011 + 2?
-3256006
In base 7, what is 14 + 205?
222
In base 11, what is 320 - -298?
608
In base 10, what is -16 + -168?
-184
In base 14, what is 7 - 121b6?
-121ad
In base 11, what is -2225a - -5?
-22255
In base 8, what is 47346 + 3?
47351
In base 9, what is -2564 - -305?
-2258
In base 9, what is -817102 - 8?
-817111
In base 12, what is 731 + -80?
671
In base 10, what is -14653 - -121?
-14532
In base 7, what is 3 + 223245?
223251
In base 12, what is -9 - -10435?
10428
In base 14, what is 157 - 2c3?
-16a
In base 7, what is -10434363 - -1?
-10434362
In base 15, what is -1 - 27578?
-27579
In base 6, what is -4351412 - 2?
-4351414
In base 4, what is -11 - -1020120120?
1020120103
In base 15, what is 81d55 + 1?
81d56
In base 15, what is 4 - -177b7?
177bb
In base 14, what is -2 + -3aaa5?
-3aaa7
In base 13, what is -2 - -2316?
2314
In base 15, what is -54e4 - -14?
-54d0
In base 12, what is 6 + 2886a?
28874
In base 7, what is -101 - 133?
-234
In base 8, what is -3 - 74451?
-74454
In base 5, what is 132101134 + -10?
132101124
In base 16, what is -1f35 - -46?
-1eef
In base 9, what is 4 - -414814?
414818
In base 9, what is 8282 + -4?
8277
In base 14, what is 43c6 - -4?
43ca
In base 13, what is -6a7 - 13?
-6ba
In base 8, what is 33 + -3020?
-2765
In base 15, what is 6944 + -8?
693b
In base 9, what is -1470 - -4?
-1465
In base 15, what is -6 + 58758?
58752
In base 16, what is 4 + -1118?
-1114
In base 12, what is 1b + -4545?
-4526
In base 9, what is -77 - -680?
602
In base 14, what is 3d0c4 + -2?
3d0c2
In base 12, what is 8326 - -8?
8332
In base 14, what is -6 - 8c38?
-8c40
In base 16, what is 20c5 - -a?
20cf
In base 13, what is 1c - 265?
-246
In base 6, what is -51 - 101423?
-101514
In base 2, what is 1000000 + 111000111010?
111001111010
In base 2, what is -11000 - 10000010101011?
-10000011000011
In base 10, what is 3608948 - 0?
3608948
In base 7, what is -10264652 - 1?
-10264653
In base 16, what is ca96 - 13?
ca83
In base 3, what is -122 - 10200000000?
-10200000122
In base 2, what is -10001 + 11001000011110001?
11001000011100000
In base 6, what is -24 + -14251?
-14315
In base 3, what is 10002111102120 + 1?
10002111102121
In base 6, what is 4343 - 54?
4245
In base 15, what is 21460 + a?
2146a
In base 15, what is 9 - -69b6?
69c0
In base 2, what is 1011011100111 + -11001?
1011011001110
In base 5, what is 3422003 + 0?
3422003
In base 12, what is 4a35 + 7?
4a40
In base 11, what is 2 + -534313?
-534311
In base 4, what is 102133 + 21?
102220
In base 14, what is -722 - -1?
-721
In base 12, what is 517 - -9?
524
In base 14, what is 891 - 1460?
-9ad
In base 16, what is -4 + 9378f?
9378b
In base 6, what is 3 - 2014042?
-2014035
In base 15, what is 5380 + 2?
5382
In base 7, what is -114 - -5162?
5045
In base 3, what is -2011 + 211201102?
211122021
In base 2, what is 1010001 + -110101011?
-101011010
In base 12, what is 1576947 + 4?
157694b
In base 13, what is -5 - -20565?
20560
In base 11, what is 3a558 - 9?
3a54a
In base 15, what is 14 - 449?
-435
In base 16, what is 19f + -1390?
-11f1
In base 3, what is -1201001 + -11012211?
-12220212
In base 15, what is dc + 344?
431
In base 11, what is -1415 - 147?
-1561
In base 16, what is 30f + -32?
2dd
In base 7, what is -4 + 1342414?
1342410
In base 13, what is 0 - 2470c?
-2470c
In base 9, what is -3 - 2527625?
-2527628
In base 2, what is 10100011 + 110001111?
1000110010
In base 8, what is 1 + 1662371?
1662372
In base 12, what is -2a608 + 3?
-2a605
In base 7, what is -1623062 + 10?
-1623052
In base 16, what is bd9 - 1?
bd8
In base 3, what is 112012 + -12012?
100000
In base 13, what is 0 + -9a44c?
-9a44c
In base 15, what is -1 - -202d?
202c
In base 8, what is -141503 + 7?
-141474
In base 4, what is 3 + 31100131?
31100200
In base 4, what is 11113 + -30?
11023
In base 14, what is c385c + 3?
c3861
In base 11, what is -447 + -3?
-44a
In base 9, what is 100218 + 2?
100221
In base 3, what is 11 - -12221010?
12221021
In base 5, what is 10 + 310311?
310321
In base 4, what is -12 - 102012200?
-102012212
In base 12, what is 8490 - -28?
84b8
In base 10, what is 482 + 86?
568
In base 11, what is -1 + -44a979?
-44a97a
In base 14, what is 3 - -95d1?
95d4
In base 14, what is -34 + -1c24?
-1c58
In base 9, what is -3056 - 12?
-3068
In base 15, what is e6 + -118?
-22
In base 13, what is -4 + -8054c?
-80553
In base 13, what is -b75 - -310?
-865
In base 2, what is -10 + 1001000010011110?
1001000010011100
In base 4, what is 11 + -3122121?
-3122110
In base 8, what is 0 - -1241771?
1241771
In base 3, what is -1 - 2000010010?
-2000010011
In base 10, what is 18 + 508?
526
In base 3, what is -202000 - 1112?
-210112
In base 15, what is -64 - -37c?
318
In base 7, what is 122 - 133?
-11
In base 9, what is -126 - 157?
-284
In base 5, what is 13 + -403304?
-403241
In base 9, what is 4 + -108765?
-108761
In base 5, what is 4011200 + -2?
4011143
In base 13, what is -2 + -142007?
-142009
In base 5, what is 134204440 - 3?
134204432
In base 11, what is -35a41 - 44?
-35a85
In base 8, what is 4 - -1125366?
1125372
In base 2, what is -10 - -10001001100000010?
10001001100000000
In base 5, what is -4 + 23014432?
23014423
In base 4, what is 11 + 2032022?
2032033
In base 9, what is -356 + -101?
-457
In base 4, what is -1203210102 - -10?
-1203210032
In base 11, what is 7 - -973?
97a
In base 6, what is 1150514005 - 4?
1150514001
In base 11, what is 34 + -879a?
-8766
In base 5, what is -1103 - 1124?
-2232
In base 9, what is 13 - -4207?
4221
In base 5, what is -41 + 1010?
414
In base 15, what is 153 - e8?
5a
In base 13, what is 48b + -842?
-384
In base 5, what is -3 - -34034112?
34034104
In base 3, what is -12101121 + 221011?
-11110110
In base 12, what is 3 - 250a92?
-250a8b
In base 4, what is 3301 - -3130?
13031
In base 4, what is -3121332 + 1?
-3121331
In base 8, what is -3 - -235256?
235253
In base 4, what is -11 - -11310023?
11310012
In base 2, what is 10000001010100011001 + 11?
10000001010100011100
In base 4, what is 1 - -330312?
330313
In base 5, what is 13421 + 241?
14212
In base 4, what is -3 + 2320021?
2320012
In base 7, what is -131546 - -1?
-131545
In base 16, what is -22 - f3?
-115
In base 6, what is -1034004 - 1?
-1034005
In base 6, what is 455432 + -3?
455425
In base 5, what is 430 + 212?
1142
In base 16, what is -8 - -27c36?
27c2e
In base 15, what is -646 + -415?
-a5b
In base 11, what is 1510 + 282?
1792
In base 4, what is 10 - 1330221?
-1330211
In base 9, what is -2872012 + 5?
-2872006
In base 2, what is 1011110110 + 100011?
1100011001
In base 13, what is -3 - -60a18?
60a15
In base 3, what is 202111210011 + -10?
202111210001
In base 11, what is -18877 + 5?
-18872
In base 12, what is -18b94 - -4?
-18b90
In base 13, what is 25 + 611?
636
In base 16, what is 1df9 - -3?
1dfc
In base 13, what is -90 - 4bac?
-4c6c
In base 5, what is 20204 + -41?
20113
In base 16, what is -5 - 1d998?
-1d99d
In base 4, what is 130 + -323120?
-322330
In base 8, what is -2532713 + -2?
-2532715
In base 2, what is -100001010 - -11110011100?
11010010010
In base 14, what is 12b - -1a11?
1b3c
In base 10, what is 5 - -22507?
22512
In base 3, what is -112 + 10022200?
10022011
In base 16, what is 747 - 10?
737
In base 8, what is -12023 - -723?
-11100
In base 12, what is -5 + 9b1?
9a8
In base 7, what is 1 - -24633?
24634
In base 7, what is 21253 - 10?
21243
In base 3, what is -212 - 22011002?
-22011221
In base 3, what is -220 - -110111012?
110110022
In base 9, what is -15 + -7373?
-7388
In base 14, what is 1c5 + 20b?
3d2
In base 14, what is 19 + 12dd?
1318
In base 8, what is -1032412 + 2?
-1032410
In base 6, what is 24214 + 4?
24222
In base 3, what is -1200021101 + -11?
-1200021112
In base 3, what is 1212000000 + -220?
1211222010
In base 9, what is 205707 + 2?
205710
In base 7, what is 5415651 - -5?
5415656
In base 2, what is -101110110 - -101101001?
-1101
In base 16, what is 3fe + -8a?
374
In base 12, what is 490 + ba8?
1478
In base 13, what is 1 - 8c0b?
-8c0a
In base 13, what is 3 + -20164?
-2